y 6?
5
Let p be 4/3 + (-18)/(-27). Suppose g = -d + 6, -3*d = -p*d. What is the remainder when 16 is divided by g?
4
Suppose 0*l + 5*l - 4*i = 69, -4*l - 3*i = -49. Calculate the remainder when 1068/30 + (-2)/(-5) is divided by l.
10
Let n = 3 - 11. Let j(s) = -s**3 - 9*s**2 - 10*s - 7. Suppose l + 3*k - 7 = 13, l - 16 = k. Calculate the remainder when l is divided by j(n).
8
Calculate the remainder when 33 is divided by (-6)/(-33) - (-390)/33.
9
Let l(c) be the second derivative of -2*c**3/3 + 3*c**2/2 + 4*c. Calculate the remainder when l(-4) is divided by 7.
5
Let m = -21 - 3. Let g = m - -33. Calculate the remainder when 35 is divided by g.
8
Let j = -12 + 21. Suppose 3 = 4*d + 2*x + 1, 4*x = -3*d - 11. Suppose 2 = -2*k - 4*w, -w = -k + d*w + 17. Calculate the remainder when j is divided by k.
4
Let r(p) = 23*p**2. Suppose -a + 9 + 3 = 0. What is the remainder when r(1) is divided by a?
11
Suppose 0 = -3*i + 5*g + 41, -6*i + 5*g + 55 = -i. Let o be (-1)/(-2) - 6/(-4). Calculate the remainder when (-38)/4*(-4)/o is divided by i.
5
Let v(m) = -8*m**2 - 12*m - 4. Let j(w) = -3*w**2 - 4*w - 1. Let s(b) = -11*j(b) + 4*v(b). What is the remainder when 26 is divided by s(6)?
5
What is the remainder when (3 + 20)*(1 - 0) is divided by 13?
10
Let p be ((-4)/(-3))/(2/3). Let y(n) = p - 4 + 5*n**2 + 3. What is the remainder when 11 is divided by y(1)?
5
Suppose -4*g = -2*g. Let c = g - -1. What is the remainder when 2 is divided by c?
0
Let f(p) = 2*p**3 - 3*p**2 + 3*p - 2. Let b = 9 - 4. What is the remainder when f(3) is divided by -4*(45/(-4))/b?
7
Let r = 5 - 2. Suppose -34*w + 16 = -32*w. Calculate the remainder when w is divided by r.
2
Suppose a - x - 71 = -a, 4*x + 148 = 4*a. Let d(u) = u + 11. Let f(v) = v + 12. Let i(o) = 6*d(o) - 5*f(o). What is the remainder when a is divided by i(6)?
10
Let y(q) = q**3 - 6*q**2 + 6*q - 14. Calculate the remainder when 87 is divided by y(6).
21
Let r(c) = 3*c**2 - 3*c - 11. Calculate the remainder when r(-3) is divided by 11.
3
Let i = 15 + -12. Suppose -8 = i*w - 26. Suppose -5*k = 5 - 25. What is the remainder when w is divided by k?
2
Let f(s) = -s**3 - 9*s**2 + 11*s + 15. Let i be f(-10). Let k = 9 + i. What is the remainder when k is divided by 4?
2
Let l(q) = 3 + 3 - 2*q - 5. Calculate the remainder when (2 + -1)*25*1 is divided by l(-4).
7
Let d(o) = 7*o**2 - 3*o + 1. Let m = -28 - -47. What is the remainder when d(-3) is divided by m?
16
Calculate the remainder when -2 - (2 + -2*17 + 3) is divided by 7.
6
Let n(a) = -3*a + 10. What is the remainder when n(-7) is divided by 16?
15
Let z(h) = h**2 + 6*h - 7. Let k be z(-7). Suppose -2*b + 13 + 5 = k. Suppose -4*r = 4 - 28. Calculate the remainder when b is divided by r.
3
Let s(d) = 17*d - 26. Suppose -o - 3*o - 516 = 4*b, -5*o + 5*b - 675 = 0. Let w = o - -205. What is the remainder when w is divided by s(3)?
23
Suppose -j - 2*j + 30 = 0. Let z = j + -2. Calculate the remainder when z is divided by 3.
2
Suppose 0 = o + 3*n - 24, -5*o - 5*n + 56 = -2*o. What is the remainder when 66 is divided by o?
6
Let c be 2*(34/4 - 1). Suppose u + 0*u - c = 2*o, 4*o + 15 = -u. Let z = 40 - 36. Calculate the remainder when u is divided by z.
1
Let k(v) = v**3 - 6*v**2 + 2*v - 7. Let j = 19 - 5. Calculate the remainder when j is divided by k(6).
4
Suppose -5*u - 2*h = -27, -u - 2*h = -7 - 0. Suppose -u - 4 = -t. What is the remainder when 16 is divided by t?
7
Suppose 4*y = 4*c - 2*c - 32, 0 = -y + 4. Let o(l) = 5*l**2 - l + 4. Calculate the remainder when o(3) is divided by c.
22
Suppose 8 = 4*t - 0. Calculate the remainder when 0 + -2*1 + 4 is divided by t.
0
Suppose 3 = 3*u - 3. Let d be (-54)/7 - u/7. Let k(f) = f**3 + 8*f**2 - 4*f + 2. What is the remainder when k(d) is divided by 18?
16
Let s be (0 - 0) + (-252)/(-2). Suppose 3*i - s = -45. Calculate the remainder when 106 is divided by i.
25
Let h(b) = 2*b**2 - 3*b - 16. Calculate the remainder when 72 is divided by h(-3).
6
Suppose -2*h + 4 = 2*h. Let c = h - -3. Suppose -w - 15 = -6*w. What is the remainder when c is divided by w?
1
Let a be 28/2*2/(-4). Let l be (-4)/14 - 443/a. Suppose 0 = 3*j + 15, 2*x - 3*j - l = -2*j. Calculate the remainder when x is divided by 10.
9
Suppose -5*r + 11 = 1. Suppose -r*q - 3*q = f - 96, 0 = 4*q + f - 77. What is the remainder when q is divided by 7?
5
Suppose -18 = -5*a - 2*i, 0 = -a - 5*i + 2*i + 14. Suppose 0*p + 42 = 3*r + a*p, -3*r - 3*p + 42 = 0. What is the remainder when r is divided by 4?
2
Suppose -53 = -4*a + 5*v, 2*a - 3*a = -4*v - 16. Calculate the remainder when 57 is divided by a.
9
Let l(u) = 32*u**3 + u**2 - u. Let f = 4 + -3. Calculate the remainder when l(f) is divided by 17.
15
Suppose 0 = -w + 28 - 4. Calculate the remainder when 46 is divided by w.
22
Suppose -5*q - 2*j = 8 + 5, -3*j = q. Let g be (q - 1)/2 + 4. Suppose 0 = -3*z + 3*s + 63, z + 60 = 5*z + g*s. Calculate the remainder when 49 is divided by z.
15
Suppose 181 - 806 = -5*a. Suppose -a = -2*j - 25. What is the remainder when j is divided by 26?
24
Let v be 0/(1/1 + 1). Let f be ((-1)/(-3) + 0)*v. Suppose z - 6*z + 110 = f. Calculate the remainder when z is divided by 8.
6
Calculate the remainder when 31 is divided by ((-1 - -1) + 2)*4.
7
Suppose i - 16 = 5*i, -4*o = 3*i - 12. Let p(v) = v**3 - 7*v**2 + 4*v. Let h be p(o). Calculate the remainder when 7 is divided by (4/6)/(h/(-54)).
1
Let l(u) = 4*u**2 - 5*u + 4. Suppose 16 = 5*q - 29. Calculate the remainder when l(3) is divided by q.
7
Calculate the remainder when (-1)/(((-3)/(-12))/((-51)/12)) is divided by 7.
3
Let r(a) = 4*a - 3. Let g(k) = -k - 3. Let p be g(-11). Calculate the remainder when r(p) is divided by 15.
14
Let n = 22 - 15. What is the remainder when 32 is divided by n?
4
Let v(d) = -d**2 + 10*d - 5. Let f be v(8). Calculate the remainder when 90/f - (-4)/(-22) is divided by 5.
3
What is the remainder when (-52)/1*(0 + (-3)/6) is divided by 9?
8
Let p = -211 - -221. What is the remainder when p is divided by 7 - (1/(-1) - -2)?
4
Let r(q) be the second derivative of -q**5/20 + q**4/2 + 5*q**3/3 - 2*q**2 + q. What is the remainder when r(7) is divided by 9?
8
What is the remainder when 8 is divided by 4/(-14) + (-516)/(-42) + -7?
3
Suppose 22 = 4*p - 14. Calculate the remainder when p is divided by 6.
3
Let s(u) = -u**3 - 3*u**2 - 4*u - 6. Let x be s(-4). Let r = 42 - x. Calculate the remainder when (94/(-8))/((-4)/16) is divided by r.
15
Let o(i) = 2*i**2 - 14*i + 1. What is the remainder when o(8) is divided by 4?
1
Suppose f = -f - h + 2, -2*f + h + 10 = 0. Suppose f*j - 115 = 59. Let z = -41 + j. What is the remainder when z is divided by 9?
8
Suppose 3*g - 4*g + 8 = 0. Calculate the remainder when 21 is divided by g.
5
Let f(r) = r**3 + 1. Let t be f(-1). Let n(p) = 0 - 2 + 5*p + t + p**2 + 0*p**2. Calculate the remainder when n(4) is divided by 9.
7
Let y(s) = s**3 + 9*s**2 + 6. Let t be y(-9). Let r = 17 - t. What is the remainder when r is divided by 7?
4
Suppose 19 = i - 2*v, 5*v + 21 = 4*i - 46. Let q be 16/6*-10*-3. Let r = q + -43. Calculate the remainder when r is divided by i.
11
Let q = 10 - 6. Suppose 0 = q*b - 8*b + 44. Let l = b + 3. Calculate the remainder when 41 is divided by l.
13
What is the remainder when (-152)/(-6) + (-2)/(-3) is divided by ((-18)/(-10))/((-5)/(-25))?
8
Let i = -65 + 76. Calculate the remainder when 40 is divided by i.
7
Let t(m) = m**3 + 6*m**2 + 4*m + 4. Let g be (12/(-16))/((-2)/(-8)). Calculate the remainder when 37 is divided by t(g).
18
Let a = -3 + 30. Suppose -25 = 9*f - 4*f. Calculate the remainder when a is divided by (-2)/(-3)*(f - -26).
13
Let v = 32 - 13. Calculate the remainder when v is divided by 5.
4
Suppose -2*r = 3*r - 5*z - 145, -10 = 5*z. Calculate the remainder when r is divided by 7.
6
Let v = 39 - 7. Suppose -3*s + 8*s + 155 = 0. Let u = s - -48. What is the remainder when v is divided by u?
15
Suppose 0 = 4*o - 0*o - 144. Suppose -3*n + 12 + o = 0. Let g = -38 + 69. What is the remainder when g is divided by n?
15
Let a(l) = 10*l - 7. What is the remainder when a(9) is divided by 22?
17
Let a(z) = -3*z. Let l(o) = -7*o + 1. Let v(m) = -5*a(m) + 2*l(m). Let k be v(0). Suppose k*p - 8 = -2. Calculate the remainder when 10 is divided by p.
1
Suppose 0